(base 5) in base 16?
12
Convert 2102 (base 4) to base 14.
a6
Convert -6 (base 15) to base 10.
-6
62 (base 11) to base 7
125
-1112 (base 4) to base 5
-321
What is 0 (base 15) in base 16?
0
Convert 2 (base 8) to base 14.
2
Convert -1 (base 10) to base 5.
-1
Convert -100 (base 2) to base 3.
-11
What is 0 (base 7) in base 4?
0
-12202 (base 3) to base 4
-2123
-1 (base 11) to base 2
-1
Convert 23 (base 4) to base 7.
14
What is 1201 (base 5) in base 10?
176
2 (base 3) to base 4
2
-6 (base 9) to base 16
-6
Convert -101 (base 4) to base 12.
-15
0 (base 6) to base 7
0
What is 66 (base 12) in base 16?
4e
Convert -12 (base 16) to base 6.
-30
1010 (base 2) to base 3
101
Convert -1 (base 13) to base 16.
-1
-5 (base 8) to base 6
-5
What is -340 (base 9) in base 2?
-100010111
Convert -425 (base 6) to base 15.
-ab
-1011 (base 2) to base 12
-b
-6 (base 11) to base 12
-6
-35 (base 16) to base 4
-311
Convert 21 (base 13) to base 16.
1b
Convert -101010 (base 2) to base 11.
-39
Convert 2 (base 6) to base 5.
2
1 (base 15) to base 12
1
Convert 24 (base 10) to base 9.
26
Convert -1011 (base 2) to base 5.
-21
What is 24 (base 10) in base 8?
30
11 (base 7) to base 11
8
Convert -21 (base 6) to base 11.
-12
108 (base 9) to base 13
6b
Convert 323 (base 4) to base 9.
65
What is -6 (base 9) in base 12?
-6
Convert -403 (base 6) to base 15.
-9c
19 (base 12) to base 8
25
23 (base 8) to base 9
21
-26 (base 9) to base 6
-40
What is 152 (base 6) in base 13?
53
What is -31 (base 13) in base 15?
-2a
-1155 (base 7) to base 10
-432
5 (base 6) to base 9
5
Convert -20 (base 8) to base 13.
-13
2 (base 5) to base 3
2
7 (base 10) to base 6
11
What is -6 (base 11) in base 7?
-6
Convert -20 (base 3) to base 15.
-6
-10 (base 3) to base 4
-3
What is 110 (base 3) in base 10?
12
5 (base 14) to base 5
10
What is 80 (base 16) in base 9?
152
What is 13 (base 14) in base 7?
23
What is 4 (base 15) in base 16?
4
What is -1 (base 15) in base 13?
-1
Convert 1110 (base 2) to base 11.
13
-69 (base 16) to base 12
-89
-220 (base 3) to base 7
-33
-2 (base 16) to base 12
-2
Convert 0 (base 7) to base 11.
0
1001 (base 4) to base 14
49
-22 (base 12) to base 2
-11010
What is 1 (base 10) in base 12?
1
Convert 111 (base 9) to base 7.
160
Convert -3 (base 12) to base 11.
-3
-2 (base 10) to base 3
-2
Convert -333 (base 6) to base 9.
-153
-e6 (base 15) to base 6
-1000
Convert 7 (base 12) to base 15.
7
What is 330 (base 5) in base 11?
82
-16 (base 13) to base 12
-17
Convert 2 (base 7) to base 8.
2
Convert -c (base 14) to base 11.
-11
Convert 110100 (base 2) to base 5.
202
What is 215 (base 6) in base 9?
102
3 (base 12) to base 2
11
-2 (base 13) to base 3
-2
Convert 0 (base 9) to base 15.
0
Convert 0 (base 4) to base 13.
0
Convert 41 (base 13) to base 16.
35
What is 1 (base 11) in base 14?
1
Convert 7 (base 9) to base 4.
13
-85 (base 15) to base 3
-11122
Convert -21212 (base 3) to base 9.
-255
14 (base 14) to base 6
30
Convert -3 (base 8) to base 15.
-3
-216 (base 8) to base 14
-a2
What is -272 (base 10) in base 5?
-2042
4 (base 14) to base 16
4
What is -84 (base 9) in base 8?
-114
4 (base 11) to base 15
4
Convert -10 (base 2) to base 14.
-2
12 (base 6) to base 8
10
Convert 154 (base 6) to base 15.
4a
Convert -10 (base 10) to base 2.
-1010
164 (base 9) to base 5
1024
What is 24 (base 5) in base 12?
12
2 (base 13) to base 8
2
d (base 15) to base 6
21
0 (base 13) to base 2
0
Convert 110 (base 12) to base 13.
c0
What is 460 (base 9) in base 11?
314
Convert -5 (base 6) to base 11.
-5
Convert 1011001 (base 2) to base 7.
155
What is -321 (base 4) in base 11?
-52
Convert 0 (base 11) to base 15.
0
-25 (base 9) to base 12
-1b
-1011110 (base 2) to base 15
-64
Convert -1201 (base 4) to base 7.
-166
-28 (base 15) to base 11
-35
-a (base 15) to base 5
-20
Convert -7 (base 11) to base 3.
-21
Convert -3 (base 10) to base 3.
-10
214 (base 6) to base 5
312
Convert -2 (base 10) to base 15.
-2
What is 4 (base 11) in base 9?
4
What is 59 (base 11) in base 3?
2101
What is -2 (base 6) in base 16?
-2
What is 1 (base 4) in base 12?
1
2 (base 5) to base 14
2
What is -7 (base 16) in base 2?
-111
Convert -10 (base 15) to base 6.
-23
What is -1 (base 4) in base 15?
-1
-120 (base 11) to base 15
-98
2 (base 16) to base 5
2
What is -27 (base 15) in base 13?
-2b
What is -113 (base 4) in base 14?
-19
What is 2 (base 7) in base 3?
2
Convert -62 (base 7) to base 5.
-134
1c (base 13) to base 14
1b
Convert -133 (base 8) to base 15.
-61
Convert 106 (base 8) to base 16.
46
-21 (base 8) to base 7
-23
6 (base 9) to base 6
10
Convert 1 (base 5) to base 14.
1
2 (base 3) to base 7
2
-30 (base 16) to base 7
-66
What is 100 (base 4) in base 2?
10000
Convert -1100 (base 2) to base 7.
-15
What is 14 (base 5) in base 4?
21
What is -6 (base 16) in base 2?
-110
Convert 4 (base 7) to base 13.
4
What is 71 (base 11) in base 13?
60
What is 5 (base 8) in base 10?
5
What is -1000001 (base 2) in base 7?
-122
What is 11 (base 3) in base 15?
4
What is -4 (base 11) in base 15?
-4
Convert -222 (base 5) to base 3.
-2022
0 (base 8) to base 12
0
-90 (base 14) to base 8
-176
-45 (base 12) to base 9
-58
What is -2 (base 3) in base 7?
-2
Convert 7 (base 13) to base 6.
11
What is 11022 (base 4) in base 2?
101001010
Convert 8 (base 16) to base 6.
12
-26 (base 10) to base 7
-35
What is 17 (base 11) in base 4?
102
-1 (base 4) to base 12
-1
What is 1313 (base 4) in base 14?
87
13 (base 13) to base 14
12
Convert -10 (base 3) to base 8.
-3
27 (base 16) to base 4
213
36 (base 7) to base 14
1d
What is 0 (base 4) in base 9?
0
2 (base 6) to base 16
2
3 (base 12) to base 16
3
32 (base 7) to base 2
10111
What is 10 (base 6) in base 9?
6
18 (base 15) to base 14
19
20 (base 14) to base 6
44
-2402 (base 5) to base 4
-11200
What is -2 (base 4) in base 3?
-2
12 (base 3) to base 11
5
Convert 97 (base 12) to base 4.
1303
What is -4f (base 16) in base 2?
-1001111
-3 (base 5) to base 2
-11
Convert 1 (base 2) to base 7.
1
What is 1203 (base 4) in base 8?
143
-12 (base 10) to base 7
-15
-9 (base 13) to base 2
-1001
-27 (base 8) to base 3
-212
Convert 1 (base 4) to base 5.
1
-71 (base 8) to base 11
-52
1220 (base 5) to base 8
271
-11 (base 11) to base 12
-10
Convert -215 (base 7) to base 15.
-75
What is 7 (base 16) in base 2?
111
Convert -1 (base 5) to base 10.
-1
Convert 306 (base 8) to base 4.
3012
21 (base 12) to base 6
41
Convert -4 (base 14) to base 12.
-4
What is 0 (base 4) in base 6?
0
What is 43 (base 16) in base 8?
103
-6 (base 15) to base 6
-10
What is 2104 (base 5) in base 6?
1143
What is -2 (base 13) in base 16?
-2
What is 6 (base 11) in base 10?
6
14b (base 12) to base 8
313
Convert -64 (base 11) to base 2.
-1000110
What is -f (base 16) in base 10?
-15
What is -24 (base 7) in base 4?
-102
What is 1 (base 2) in base 7?
1
Convert 2 (base 4) to base 5.
2
44 (base 7) to base 15
22
What is -45 (base 15) in base 9?
-72
Convert -5 (base 13) to base 2.
-101
Convert -2 (base 6) to base 7.
-2
2 (base 15) to base 16
2
What is -10 (base 10) in base 12?
-a
5 (base 7) to base 6
5
Convert -b (base 13) to base 2.
-1011
Convert -1 (base 15) to base 6.
-1
-104 (base 10) to base 5
-404
What is 11220 (base 3) in base 10?
132
10 (base 7) to base 6
11
4 (base 10) to base 7
4
What is 16 (base 10) in base 3?
121
What is 26 (base 15) in base 9?
40
What is 4 (base 13) in base 3?
11
Convert 32 (base 4) to base 10.
14
Convert 13 (base 4) to base 16.
7
What is 100000111 (base 2) in base 6?
1115
Convert -b (base 12) to base 14.
-b
What is -66 (base 11) in base 8?
-110
-3 (base 13) to base 16
-3
Convert 5 (base 12) to base 10.
5
What is -4 (base 11) in base 13?
-4
Convert 26 (base 8) to base 16.
16
-5 (base 9) to base 12
-5
What is 200 (base 5) in base 7?
101
-15 (base 6) to base 9
-12
0 (base 12) to base 6
0
Convert 103 (base 5) to base 13.
22
Convert -55 (base 6) to base 7.
-50
Convert -1 (base 16) to base 15.
-1
What is -67 (base 11) in base 12?
-61
What is -4 (base 16) in base 4?
-10
Convert -1 (base 5) to base 14.
-1
What is -40 (base 7) in base 4?
-130
Convert -5 (base 11) to base 14.
-5
Convert 132 (base 4) to base 14.
22
Convert -3 (base 16) to base 4.
-3
-32 (base 7) to base 11
-21
-b7 (base 15) to base 7
-334
Convert -1 (base 16) to base 3.
-1
Convert -c3 (base 15) to base 16.
-b7
What is 53 (base 13) in base 10